{"id":4467,"date":"2024-11-11T14:31:37","date_gmt":"2024-11-11T14:31:37","guid":{"rendered":"https:\/\/ft.univ-boumerdes.dz\/?page_id=4467"},"modified":"2024-11-12T09:10:55","modified_gmt":"2024-11-12T09:10:55","slug":"bourse-en-hongrie-2025-2026","status":"publish","type":"page","link":"https:\/\/ft.univ-boumerdes.dz\/?page_id=4467","title":{"rendered":"Bourse en Hongrie 2025-2026"},"content":{"rendered":"\t\t<div data-elementor-type=\"wp-page\" data-elementor-id=\"4467\" class=\"elementor elementor-4467\">\n\t\t\t\t<div class=\"elementor-element elementor-element-b531691 e-flex e-con-boxed e-con e-parent\" data-id=\"b531691\" data-element_type=\"container\" data-e-type=\"container\">\n\t\t\t\t\t<div class=\"e-con-inner\">\n\t\t\t\t<div class=\"elementor-element elementor-element-22eaed5 elementor-widget elementor-widget-image\" data-id=\"22eaed5\" data-element_type=\"widget\" data-e-type=\"widget\" data-widget_type=\"image.default\">\n\t\t\t\t<div class=\"elementor-widget-container\">\n\t\t\t\t\t\t\t\t\t\t\t\t\t\t\t<img decoding=\"async\" width=\"300\" height=\"164\" src=\"https:\/\/ft.univ-boumerdes.dz\/wp-content\/uploads\/2024\/11\/ldrs-fy-hngry-714x390-1-300x164.jpg\" class=\"attachment-medium size-medium wp-image-4469\" alt=\"\" srcset=\"https:\/\/ft.univ-boumerdes.dz\/wp-content\/uploads\/2024\/11\/ldrs-fy-hngry-714x390-1-300x164.jpg 300w, https:\/\/ft.univ-boumerdes.dz\/wp-content\/uploads\/2024\/11\/ldrs-fy-hngry-714x390-1-18x10.jpg 18w, https:\/\/ft.univ-boumerdes.dz\/wp-content\/uploads\/2024\/11\/ldrs-fy-hngry-714x390-1.jpg 714w\" sizes=\"(max-width: 300px) 100vw, 300px\" \/>\t\t\t\t\t\t\t\t\t\t\t\t\t\t\t<\/div>\n\t\t\t\t<\/div>\n\t\t\t\t\t<\/div>\n\t\t\t\t<\/div>\n\t\t<div class=\"elementor-element elementor-element-2d163a7 e-flex e-con-boxed e-con e-parent\" data-id=\"2d163a7\" data-element_type=\"container\" data-e-type=\"container\">\n\t\t\t\t\t<div class=\"e-con-inner\">\n\t\t\t\t<div class=\"elementor-element elementor-element-166d3c3 elementor-widget elementor-widget-heading\" data-id=\"166d3c3\" data-element_type=\"widget\" data-e-type=\"widget\" data-widget_type=\"heading.default\">\n\t\t\t\t<div class=\"elementor-widget-container\">\n\t\t\t\t\t<h2 class=\"elementor-heading-title elementor-size-default\">Offre de bourses du Gouvernement Hongrois.<\/h2>\t\t\t\t<\/div>\n\t\t\t\t<\/div>\n\t\t\t\t\t<\/div>\n\t\t\t\t<\/div>\n\t\t<div class=\"elementor-element elementor-element-d8f95dc e-flex e-con-boxed e-con e-parent\" data-id=\"d8f95dc\" data-element_type=\"container\" data-e-type=\"container\">\n\t\t\t\t\t<div class=\"e-con-inner\">\n\t\t\t\t<div class=\"elementor-element elementor-element-7f6cc54 elementor-widget elementor-widget-text-editor\" data-id=\"7f6cc54\" data-element_type=\"widget\" data-e-type=\"widget\" data-widget_type=\"text-editor.default\">\n\t\t\t\t<div class=\"elementor-widget-container\">\n\t\t\t\t\t\t\t\t\t<p>Nous avons l&#8217;honneur de vous informer que le Minist\u00e8re de l\u2019enseignement sup\u00e9rieur et de la recherche scientifique est destinataire d\u2019une offre de bourse au titre de l\u2019ann\u00e9e universitaire <span style=\"color: #333399;\"><strong>2025\u2013 2026<\/strong><\/span>, \u00e9manant du gouvernement Hongrois.<br \/>Cette offre concerne :<br \/><span style=\"color: #ff6600;\"><strong><span style=\"text-decoration: underline;\"><em>Les \u00e9tudiants majors<\/em><\/span><\/strong><\/span> de promotion inscrits en derni\u00e8re ann\u00e9e de <span style=\"color: #ff6600;\"><strong>licence <\/strong><\/span>souhaitant pr\u00e9parer un dipl\u00f4me de niveau <span style=\"color: #ff6600;\"><strong>Master<\/strong> <\/span>et ceux inscrits en derni\u00e8re ann\u00e9e de Master souhaitant pr\u00e9parer un <span style=\"color: #ff6600;\"><strong>PHD<\/strong><\/span>, et remplissant les crit\u00e8res d\u2019\u00e9ligibilit\u00e9s \u00e0 une formation r\u00e9sidentielle \u00e0 l\u2019\u00e9tranger.<\/p><p><strong>On rappelle, que ce programme ouvre droit uniquement \u00e0 la bourse octroy\u00e9e par la partie Hongroise, et la s\u00e9lection finale est du ressort de la partie Hongroise.<\/strong><br \/>Toutes les informations relatives \u00e0 cette offre, peuvent \u00eatre consult\u00e9es sur la page web du gouvernement hongrois ci-apr\u00e8s : <span style=\"text-decoration: underline;\"><span style=\"color: #0000ff; text-decoration: underline;\"><a style=\"color: #0000ff; text-decoration: underline;\" href=\"http:\/\/www.stipendiumhungaricum.hu\/\">http:\/\/www.stipendiumhungaricum.hu\/<\/a><\/span><\/span><br \/>Le d\u00e9lai d\u2019introduction des candidatures online est fix\u00e9 au <span style=\"color: #ff0000;\">15 janvier 2025 .<\/span><br \/>La s\u00e9lection des candidats \u00e9ligibles et les modalit\u00e9s de d\u00e9p\u00f4t des dossiers au niveau des \u00e9tablissements universitaires seront fix\u00e9es par la conf\u00e9rence r\u00e9gionale ult\u00e9rieurement.<br \/><span style=\"color: #0000ff;\"><b><a style=\"color: #0000ff;\" href=\"https:\/\/ft.univ-boumerdes.dz\/wp-content\/uploads\/2024\/11\/Envoi_2607-DCEU_05-11-2024_Bourses-Hongrie-2025-26.pdf\">Envoi_2607-DCEU_05-11-2024_Bourses Hongrie 2025-26<\/a><\/b><\/span><\/p><p><b><u>Le dossier de candidature comprend<\/u>\u00a0:<\/b><\/p><p><span style=\"color: #ff6600;\"><a style=\"color: #ff6600;\" href=\"https:\/\/ft.univ-boumerdes.dz\/wp-content\/uploads\/2024\/11\/1_Fiche-de-candidature-_bourse-Hongrie-2024-2025.docx\">Fiche de candidature bourse Hongrie 2025-2026<\/a><\/span><\/p><p><span style=\"color: #ff6600;\"><a style=\"color: #ff6600;\" href=\"https:\/\/ft.univ-boumerdes.dz\/wp-content\/uploads\/2024\/11\/2_Attestation_Major.doc\">Attestation Major<\/a><\/span><\/p><p><span style=\"color: #ff6600;\"><a style=\"color: #ff6600;\" href=\"https:\/\/ft.univ-boumerdes.dz\/wp-content\/uploads\/2024\/11\/3_Attestation_Etudiant-X-etoiles.doc\">Attestation Etudiant X-\u00e9toiles<\/a><\/span><\/p><p><span style=\"color: #ff6600;\"><a style=\"color: #ff6600;\" href=\"https:\/\/ft.univ-boumerdes.dz\/wp-content\/uploads\/2024\/11\/4_Fiche_controle_HONGRIE_MASTER.doc\">Fiche Controle HONGRIE MASTER<\/a><\/span><\/p><p><span style=\"color: #ff6600;\"><a style=\"color: #ff6600;\" href=\"https:\/\/ft.univ-boumerdes.dz\/wp-content\/uploads\/2024\/11\/5_Fiche_controle_HONGRIE_PHD.doc\">Fiche Controle HONGRIE_PHD<\/a><\/span><\/p>\t\t\t\t\t\t\t\t<\/div>\n\t\t\t\t<\/div>\n\t\t\t\t\t<\/div>\n\t\t\t\t<\/div>\n\t\t\t\t<\/div>\n\t\t","protected":false},"excerpt":{"rendered":"<p>Offre de bourses du Gouvernement Hongrois. Nous avons l&#8217;honneur de vous informer que le Minist\u00e8re de l\u2019enseignement sup\u00e9rieur et de la recherche scientifique est destinataire d\u2019une offre de bourse au titre de l\u2019ann\u00e9e universitaire 2025\u2013 2026, \u00e9manant du gouvernement Hongrois.Cette offre concerne :Les \u00e9tudiants majors de promotion inscrits en derni\u00e8re ann\u00e9e de licence souhaitant pr\u00e9parer [&hellip;]<\/p>\n","protected":false},"author":1,"featured_media":0,"parent":0,"menu_order":0,"comment_status":"closed","ping_status":"closed","template":"","meta":{"ocean_post_layout":"full-width","ocean_both_sidebars_style":"","ocean_both_sidebars_content_width":0,"ocean_both_sidebars_sidebars_width":0,"ocean_sidebar":"0","ocean_second_sidebar":"0","ocean_disable_margins":"enable","ocean_add_body_class":"","ocean_shortcode_before_top_bar":"","ocean_shortcode_after_top_bar":"","ocean_shortcode_before_header":"","ocean_shortcode_after_header":"","ocean_has_shortcode":"","ocean_shortcode_after_title":"","ocean_shortcode_before_footer_widgets":"","ocean_shortcode_after_footer_widgets":"","ocean_shortcode_before_footer_bottom":"","ocean_shortcode_after_footer_bottom":"","ocean_display_top_bar":"off","ocean_display_header":"on","ocean_header_style":"custom","ocean_center_header_left_menu":"0","ocean_custom_header_template":"1327","ocean_custom_logo":0,"ocean_custom_retina_logo":0,"ocean_custom_logo_max_width":0,"ocean_custom_logo_tablet_max_width":0,"ocean_custom_logo_mobile_max_width":0,"ocean_custom_logo_max_height":0,"ocean_custom_logo_tablet_max_height":0,"ocean_custom_logo_mobile_max_height":0,"ocean_header_custom_menu":"0","ocean_menu_typo_font_family":"0","ocean_menu_typo_font_subset":"","ocean_menu_typo_font_size":0,"ocean_menu_typo_font_size_tablet":0,"ocean_menu_typo_font_size_mobile":0,"ocean_menu_typo_font_size_unit":"px","ocean_menu_typo_font_weight":"","ocean_menu_typo_font_weight_tablet":"","ocean_menu_typo_font_weight_mobile":"","ocean_menu_typo_transform":"","ocean_menu_typo_transform_tablet":"","ocean_menu_typo_transform_mobile":"","ocean_menu_typo_line_height":0,"ocean_menu_typo_line_height_tablet":0,"ocean_menu_typo_line_height_mobile":0,"ocean_menu_typo_line_height_unit":"","ocean_menu_typo_spacing":0,"ocean_menu_typo_spacing_tablet":0,"ocean_menu_typo_spacing_mobile":0,"ocean_menu_typo_spacing_unit":"","ocean_menu_link_color":"","ocean_menu_link_color_hover":"","ocean_menu_link_color_active":"","ocean_menu_link_background":"","ocean_menu_link_hover_background":"","ocean_menu_link_active_background":"","ocean_menu_social_links_bg":"","ocean_menu_social_hover_links_bg":"","ocean_menu_social_links_color":"","ocean_menu_social_hover_links_color":"","ocean_disable_title":"enable","ocean_disable_heading":"on","ocean_post_title":"","ocean_post_subheading":"","ocean_post_title_style":"","ocean_post_title_background_color":"","ocean_post_title_background":0,"ocean_post_title_bg_image_position":"","ocean_post_title_bg_image_attachment":"","ocean_post_title_bg_image_repeat":"","ocean_post_title_bg_image_size":"","ocean_post_title_height":0,"ocean_post_title_bg_overlay":0.5,"ocean_post_title_bg_overlay_color":"","ocean_disable_breadcrumbs":"default","ocean_breadcrumbs_color":"","ocean_breadcrumbs_separator_color":"","ocean_breadcrumbs_links_color":"","ocean_breadcrumbs_links_hover_color":"","ocean_display_footer_widgets":"default","ocean_display_footer_bottom":"default","ocean_custom_footer_template":"0","footnotes":""},"class_list":["post-4467","page","type-page","status-publish","hentry","entry"],"_links":{"self":[{"href":"https:\/\/ft.univ-boumerdes.dz\/index.php?rest_route=\/wp\/v2\/pages\/4467","targetHints":{"allow":["GET"]}}],"collection":[{"href":"https:\/\/ft.univ-boumerdes.dz\/index.php?rest_route=\/wp\/v2\/pages"}],"about":[{"href":"https:\/\/ft.univ-boumerdes.dz\/index.php?rest_route=\/wp\/v2\/types\/page"}],"author":[{"embeddable":true,"href":"https:\/\/ft.univ-boumerdes.dz\/index.php?rest_route=\/wp\/v2\/users\/1"}],"replies":[{"embeddable":true,"href":"https:\/\/ft.univ-boumerdes.dz\/index.php?rest_route=%2Fwp%2Fv2%2Fcomments&post=4467"}],"version-history":[{"count":16,"href":"https:\/\/ft.univ-boumerdes.dz\/index.php?rest_route=\/wp\/v2\/pages\/4467\/revisions"}],"predecessor-version":[{"id":4487,"href":"https:\/\/ft.univ-boumerdes.dz\/index.php?rest_route=\/wp\/v2\/pages\/4467\/revisions\/4487"}],"wp:attachment":[{"href":"https:\/\/ft.univ-boumerdes.dz\/index.php?rest_route=%2Fwp%2Fv2%2Fmedia&parent=4467"}],"curies":[{"name":"wp","href":"https:\/\/api.w.org\/{rel}","templated":true}]}}